 + 6869*r - 20600. Calculate u(3).
-2
Let z(r) = 274*r - 66052. Determine z(246).
1352
Let k(x) = 1512*x - 573048. Give k(379).
0
Let m(z) = 253454*z + 2027632. Calculate m(-8).
0
Let f(q) = -q**2 + 495*q - 18223. Determine f(40).
-23
Let l(h) = 2*h**3 - 2290*h**2 - 3644*h - 1082773. What is l(1147)?
-5
Let i(b) = 434*b - 31962. Determine i(73).
-280
Let a(n) = -n**2 - 15902*n + 190966. What is a(12)?
-2
Let h(s) = -6*s**3 + 14*s**2 + 74*s - 189. Determine h(2).
-33
Let p(t) = 60*t**2 - 173*t - 2. Determine p(3).
19
Let q(t) = -t**3 + 269*t**2 - 6778*t + 59053. What is q(242)?
5
Let b(s) = 2*s**3 - 298*s**2 - 839*s + 80844. What is b(150)?
-6
Let g(n) = 1944*n + 25472. Give g(-13).
200
Let k(r) = r**3 - 314*r**2 - 6692*r + 4009. Determine k(334).
1
Let r(y) = -27*y**2 + 2959*y + 4205. Calculate r(111).
-13
Let s(d) = 57*d**2 + 1648*d - 19. Calculate s(-29).
126
Let z(w) = -w**3 - 400*w**2 - 2690*w + 23825. Calculate z(-393).
-148
Let k(g) = -2*g**3 + 143*g**2 + 840*g + 496. Calculate k(77).
-43
Let m(h) = h**3 - 23*h**2 - 823*h + 1055. Calculate m(42).
5
Let c(x) = x**2 - 83*x - 14711. Give c(-88).
337
Let s(o) = 6674*o + 7210. Determine s(-1).
536
Let q(t) = 48*t + 1244. Calculate q(-25).
44
Let a(l) = -8*l**2 - 1989*l + 1904. Determine a(-250).
-846
Let s(l) = -l**2 + 1556*l + 28686. Determine s(-18).
354
Let j(g) = 2*g**2 - 24389*g + 365362. What is j(15)?
-23
Let b(i) = 4586*i + 128393. Calculate b(-28).
-15
Let m(k) = -10794*k + 151101. What is m(14)?
-15
Let z(r) = -r**3 - 1228*r**2 - 2498*r - 98. Give z(-2).
-6
Let v(q) = -27*q**2 - 444*q - 1038. What is v(-3)?
51
Let z(a) = -3*a**3 - 93*a**2 + 102*a + 172. What is z(-32)?
-20
Let u(a) = -14550*a - 436484. Calculate u(-30).
16
Let i(w) = -w**3 - 21*w**2 - 49*w - 674. Determine i(-21).
355
Let l(u) = -u**2 + 1661*u + 42019. What is l(-25)?
-131
Let c(u) = -112*u + 1704. Determine c(23).
-872
Let k(a) = a**2 - 2209*a - 17772. Calculate k(-8).
-36
Let w(j) = -12901*j + 36729. Calculate w(3).
-1974
Let d(c) = -c**3 + 56*c**2 - 284*c - 2893. What is d(49)?
-2
Let t(w) = -77920*w - 2961030. Calculate t(-38).
-70
Let f(c) = 2*c**2 - 218*c + 2899. What is f(115)?
4279
Let c(f) = 39*f**2 + 15322*f + 15301. Calculate c(-1).
18
Let u(i) = -74*i**3 - 1478*i**2 + 33*i + 16. Determine u(-20).
156
Let j(o) = 43*o**2 + 4406*o + 39739. Calculate j(-9).
3568
Let m(u) = u**3 - 2*u**2 - 99*u - 291. Give m(-8).
-139
Let l(i) = 9713*i + 252531. Determine l(-26).
-7
Let l(w) = w**2 + 14916*w - 223972. Determine l(15).
-7
Let p(v) = 4389*v + 140461. What is p(-32)?
13
Let b(w) = -6*w**3 + 448*w**2 + 470*w - 24033. Give b(75).
-33
Let c(o) = -152*o + 807. What is c(-6)?
1719
Let w(b) = -3*b**2 - 472*b - 6393. Determine w(-15).
12
Let y(q) = -53665*q - 109055. Determine y(-2).
-1725
Let b(z) = 30144*z - 30149. Determine b(1).
-5
Let d(f) = f**3 + 55*f**2 - 127*f - 358. What is d(4)?
78
Let r(w) = -w**3 - 32*w**2 + 3915*w + 122325. Give r(-31).
-1
Let b(d) = -d**3 + 75*d**2 + 429*d - 39. Determine b(-6).
303
Let t(m) = -m**2 - 814*m + 51488. Calculate t(59).
-19
Let x(q) = 5*q**3 - 60*q**2 + 83*q - 350. Determine x(4).
-658
Let o(n) = -6005*n + 630469. Give o(105).
-56
Let x(f) = -145552*f - 582203. What is x(-4)?
5
Let j(t) = -25462*t - 8198782. Give j(-322).
-18
Let i(y) = 13769*y + 592069. Give i(-43).
2
Let t(h) = -4*h**3 - 77*h**2 - 1522*h - 10382. Calculate t(-9).
-5
Let b(c) = 2*c**2 - 334*c - 28393. Calculate b(229).
3
Let f(p) = -31*p**2 + 189*p + 1169. Determine f(-6).
-1081
Let r(o) = -10145*o - 5. Calculate r(0).
-5
Let h(p) = -2*p**3 - 300*p**2 - 270*p + 3697. Calculate h(-149).
-475
Let q(c) = 28589*c - 113966. Give q(4).
390
Let v(q) = -730*q + 6080. What is v(8)?
240
Let u(j) = -2*j**3 - 13*j**2 - 17*j - 494. Give u(-13).
1924
Let q(p) = -220*p + 1902. Determine q(13).
-958
Let k(f) = 75*f + 7157. Calculate k(-79).
1232
Let t(m) = m**2 - 44633*m + 178535. Calculate t(4).
19
Let q(x) = -x**3 + 1145*x**2 - 24693*x - 289. Determine q(22).
-3
Let v(q) = -4*q**3 + 2234*q**2 + 3318*q + 23526. Calculate v(560).
6
Let k(j) = -1048*j - 30418. Determine k(-29).
-26
Let s(c) = c**3 - 98*c**2 + 745*c + 488. Give s(9).
-16
Let f(m) = 6*m**2 - 264*m + 723. Calculate f(4).
-237
Let q(f) = -1536*f - 9082. Give q(-7).
1670
Let k(c) = c**3 - 43*c**2 - 292*c - 147. Calculate k(49).
-49
Let z(k) = 1982*k + 148601. Calculate z(-75).
-49
Let j(h) = 142475*h + 854769. Calculate j(-6).
-81
Let b(y) = -y**3 - 108*y**2 + 1752*y + 37481. What is b(-120)?
41
Let p(l) = -4*l**3 - 31*l**2 + 201*l + 1664. What is p(-8)?
120
Let b(u) = -28*u**3 + 254*u**2 - 7*u + 33. Give b(9).
132
Let v(j) = j**3 - 12*j**2 - 64*j + 678. What is v(13)?
15
Let r(m) = m**2 + 3*m - 185. What is r(11)?
-31
Let h(f) = 3768*f + 312775. What is h(-83)?
31
Let l(f) = -1572*f + 163373. Give l(104).
-115
Let m(a) = a**2 - 7493*a - 544744. Determine m(-72).
-64
Let x(a) = -210*a - 66567. Give x(-318).
213
Let l(j) = 639*j**3 + j**2 - 246*j - 248. Determine l(-1).
-640
Let s(m) = -2*m**3 + 230*m**2 + 159*m - 18321. Calculate s(115).
-36
Let j(v) = -v**3 + 272*v**2 - 6818*v - 3314. What is j(244)?
102
Let n(k) = -14*k**2 + 204*k + 2154. Determine n(-9).
-816
Let z(i) = 7*i**3 + 15*i**2 + 36*i + 116. Determine z(-3).
-46
Let c(k) = -4*k**3 - 47*k**2 - 17*k + 644. Determine c(-6).
-82
Let i(m) = 22989*m - 11379553. Give i(495).
2
Let c(u) = -57*u**2 - 1417*u + 8934. Calculate c(-30).
144
Let t(s) = 13*s**3 + 1974*s**2 - 296*s + 1559. Give t(-152).
343
Let f(b) = 3*b**3 + 88*b**2 + 98*b - 280. Give f(-28).
112
Let z(i) = -2*i**2 + 3873*i - 318284. Determine z(86).
2
Let n(u) = -18857*u + 245134. Calculate n(13).
-7
Let z(c) = -16*c**3 + 1716*c**2 - 415*c - 1408. Give z(107).
-17
Let a(k) = -200*k**2 + 2622*k + 5661. Determine a(15).
-9
Let g(l) = -2*l**3 - 201*l**2 - 3287*l - 574. What is g(-80)?
-14
Let j(o) = -2*o**2 - 389*o - 4132. Give j(-11).
-95
Let w(n) = -15074*n - 135778. Determine w(-9).
-112
Let t(w) = 8335*w - 16615. Give t(2).
55
Let n(q) = 2*q**3 + 65*q**2 + 220*q + 218. Calculate n(-29).
-275
Let z(o) = 228*o + 19417. Determine z(-86).
-191
Let k(d) = 5*d**2 - 614*d - 7353. Calculate k(-11).
6
Let l(y) = 376*y**2 - 113*y + 111. Determine l(1).
374
Let t(w) = -9*w**3 - 445*w**2 + 4471*w + 306. What is t(-58)?
16
Let m(w) = 37118*w - 1150591. Calculate m(31).
67
Let k(o) = -2*o**3 + o**2 - 6*o + 18. Give k(2).
-6
Let d(n) = -5*n**3 + 1172*n**2 - 4675*n + 5. Determine d(4).
-263
Let y(k) = -4*k**2 - 90*k - 890. What is y(-22)?
-846
Let n(z) = 1025*z + 75454. Give n(-73).
629
Let q(i) = i**3 - 565*i**2 - 38868*i - 3759. Calculate q(627).
3
Let t(l) = -19*l**3 + l**2 - 412*l + 828. What is t(2)?
-144
Let t(o) = 16*o**2 - 741*o + 335. Determine t(46).
105
Let x(j) = j**3 + 129*j**2 + 1605*j - 685. Give x(-115).
-110
Let a(y) = -153*y**2 - 1556*y - 184. Calculate a(-10).
76
Let u(v) = 63577*v + 13287577. What is u(-209)?
-16
Let w(q) = -67*q - 3384. What is w(-61)?
703
Let i(n) = -265*n + 21203. Give i(66).
3713
Let b(z) = 4*z**2 + 78*z - 3382. What is b(-39)?
-340
Let r(z) = 21003*z - 62614. Give r(3).
395
Let k(m) = 2887*m + 597993. Calculate k(-207).
384
Let b(g) = -3*g**2 - 1082*g - 79627. Calculate b(-103).
-8
Let k(c) = -54*c**2 + 2729*c - 1442. Determine k(50).
8
Let l(k) = -k**2 + 1522*k - 15078. What is l(10)?
42
Let m(u) = -u**3 + 1286*u**2 - 15264*u - 287. What is m(12)?
1
Let x(y) = 2*y**3 - 578*y**2 + 5037*y + 859. What is x(280)?
19
Let s(y) = 17*y**3 - 4930*y**2 + 8*y - 2025. Determine s(290).
295
Let q(j) = -14*j**3 + 726*j**2 + 2123*j - 204. Determine q(-3).
339
Let a(t) = 17*t**2 - 827*t - 3934. Calculate a(53).
-12
Let b(m) = m**3 + 41*m**2 - 17801*m - 729852. What is b(-41)?
-11
Let g(m) = -m**2 + 1244*m - 384584. What is g(670)?
-4
Let j(n) = 5*n**2 + 889*n + 972. What is j(-178)?
1150
Let h(s) = 8*s**2 - 680*s + 172. Determine h(85).
172
Let h(w) = -w**2 + 6012*w - 30034. Calculate h(5).
1
Let y(w) = 3026*w - 38697. What is y(13)?
641
Let r(z) = z**2 + 4818*z - 155268. What is r(32)?
-68
Let y(w) = 68*w**2 - 401*w - 12. What is y(8)?
1132
Let k(l) = 5128*l + 446146. What is k(-87)?
10
Let w(x) = 1536*x + 27740. Give w(-18).
92
Let n(g) = g**3 - 168*g**2 - 162*g + 142. What is n(169)?
1325
Let r(q) = -97*q - 935. Determine r(-7